{"id":978,"date":"2015-10-25T17:47:38","date_gmt":"2015-10-25T17:47:38","guid":{"rendered":"https:\/\/tgourmetje.be\/?page_id=978&#038;lang=fr"},"modified":"2015-10-27T18:56:10","modified_gmt":"2015-10-27T18:56:10","slug":"nouvelles","status":"publish","type":"page","link":"https:\/\/tgourmetje.be\/fr\/nouvelles\/","title":{"rendered":"Nouvelles"},"content":{"rendered":"<p>[et_pb_section admin_label=\u00a0\u00bbsection\u00a0\u00bb transparent_background=\u00a0\u00bbon\u00a0\u00bb allow_player_pause=\u00a0\u00bboff\u00a0\u00bb inner_shadow=\u00a0\u00bboff\u00a0\u00bb parallax=\u00a0\u00bboff\u00a0\u00bb parallax_method=\u00a0\u00bboff\u00a0\u00bb padding_mobile=\u00a0\u00bboff\u00a0\u00bb module_class=\u00a0\u00bbframe\u00a0\u00bb make_fullwidth=\u00a0\u00bboff\u00a0\u00bb use_custom_width=\u00a0\u00bboff\u00a0\u00bb width_unit=\u00a0\u00bbon\u00a0\u00bb make_equal=\u00a0\u00bboff\u00a0\u00bb use_custom_gutter=\u00a0\u00bboff\u00a0\u00bb][et_pb_row admin_label=\u00a0\u00bbrow\u00a0\u00bb][et_pb_column type=\u00a0\u00bb4_4&Prime;][et_pb_text admin_label=\u00a0\u00bbTitel &#8211; Nouveau dans notre assortiment\u00a0\u00bb background_layout=\u00a0\u00bblight\u00a0\u00bb text_orientation=\u00a0\u00bbcenter\u00a0\u00bb use_border_color=\u00a0\u00bboff\u00a0\u00bb border_color=\u00a0\u00bb#ffffff\u00a0\u00bb border_style=\u00a0\u00bbsolid\u00a0\u00bb]<\/p>\n<h1>Nouveau dans notre assortiment<\/h1>\n<p>[\/et_pb_text][\/et_pb_column][\/et_pb_row][et_pb_row admin_label=\u00a0\u00bbRij\u00a0\u00bb][et_pb_column type=\u00a0\u00bb1_2&Prime;][et_pb_text admin_label=\u00a0\u00bbTekst &#8211; links\u00a0\u00bb background_layout=\u00a0\u00bblight\u00a0\u00bb text_orientation=\u00a0\u00bbleft\u00a0\u00bb use_border_color=\u00a0\u00bboff\u00a0\u00bb border_color=\u00a0\u00bb#ffffff\u00a0\u00bb border_style=\u00a0\u00bbsolid\u00a0\u00bb]<\/p>\n<p><strong>Viande matur\u00e9<\/strong><\/p>\n<p>D\u00e9couvrez <a href=\"https:\/\/tgourmetje.be\/dry-aged-beef\/\"><span style=\"text-decoration: underline;\">nos vari\u00e9t\u00e9s<\/span>.<\/a><\/p>\n<p><strong>Contre-filet sech\u00e9 et fum\u00e9<\/strong><\/p>\n<p>Viande de boeuf de 4 semaines de maturation, marin\u00e9 dans un m\u00e9lange de \u00e9pices, sech\u00e9 et fum\u00e9 aux herbes aromatiques.<\/p>\n<p>[\/et_pb_text][\/et_pb_column][et_pb_column type=\u00a0\u00bb1_2&Prime;][et_pb_text admin_label=\u00a0\u00bbTekst &#8211; rechts\u00a0\u00bb background_layout=\u00a0\u00bblight\u00a0\u00bb text_orientation=\u00a0\u00bbleft\u00a0\u00bb use_border_color=\u00a0\u00bboff\u00a0\u00bb border_color=\u00a0\u00bb#ffffff\u00a0\u00bb border_style=\u00a0\u00bbsolid\u00a0\u00bb]<\/p>\n<p><strong>De lard \u00ab\u00a0procureur\u00a0\u00bb<\/strong><\/p>\n<p>Une sp\u00e9cialit\u00e9 ancienne de porc. Matur\u00e9 pendant 14 jours avec \u00e9pices, ensuite sech\u00e9 et fum\u00e9 aux herbes aromatiques<\/p>\n<p><strong>Pizza Italienne<\/strong><\/p>\n<p>Nouvelles sortes!!!D\u00e9couvrez-les sur la page<span style=\"text-decoration: underline;\"><a href=\"https:\/\/tgourmetje.be\/italiaanse-pizza\/\"> pizza<\/a><\/span>.<\/p>\n<p>[\/et_pb_text][\/et_pb_column][\/et_pb_row][\/et_pb_section]<\/p>\n","protected":false},"excerpt":{"rendered":"<p>Nouveau dans notre assortiment Viande matur\u00e9&#8230;<\/p>\n","protected":false},"author":1,"featured_media":887,"parent":0,"menu_order":11,"comment_status":"closed","ping_status":"closed","template":"","meta":{"_et_pb_use_builder":"on","_et_pb_old_content":"<p>[et_pb_section admin_label=\"section\" transparent_background=\"on\" allow_player_pause=\"off\" inner_shadow=\"off\" parallax=\"off\" parallax_method=\"off\" padding_mobile=\"off\" module_class=\"frame\" make_fullwidth=\"off\" use_custom_width=\"off\" width_unit=\"on\" make_equal=\"off\" use_custom_gutter=\"off\"][et_pb_row admin_label=\"row\"][et_pb_column type=\"4_4\"][et_pb_text admin_label=\"Titel - NIEUW in ons assortiment\" background_layout=\"light\" text_orientation=\"center\" use_border_color=\"off\" border_color=\"#ffffff\" border_style=\"solid\"]<\/p><h1>Nieuw in ons assortiment<\/h1><p>[\/et_pb_text][\/et_pb_column][\/et_pb_row][et_pb_row admin_label=\"Rij\"][et_pb_column type=\"1_2\"][et_pb_text admin_label=\"Tekst - links\" background_layout=\"light\" text_orientation=\"left\" use_border_color=\"off\" border_color=\"#ffffff\" border_style=\"solid\"]<\/p><p><strong>Gerijpt rundsvlees<\/strong><\/p><p>Ontdek <a href=\"https:\/\/tgourmetje.be\/dry-aged-beef\/\"><span style=\"text-decoration: underline;\">onze rassen<\/span>.<\/a><\/p><p><strong>Gerijpte en gedroogde dunne lende<\/strong><\/p><p>Dunne lende (4 weken rijping) wordt gemarineerd in onze eigen kruidenmengeling en nadien gedroogd en gerookt. Een delicatesse!<\/p><p>[\/et_pb_text][\/et_pb_column][et_pb_column type=\"1_2\"][et_pb_text admin_label=\"Tekst - rechts\" background_layout=\"light\" text_orientation=\"left\" use_border_color=\"off\" border_color=\"#ffffff\" border_style=\"solid\"]<\/p><p><strong>Procureurspek<\/strong><\/p><p>Terug uit de oude doos. Een specialiteit van vroeger, opgewaardeerd naar nu. Een extra mals stukje van het varken, gerijpt met kruiden en in onze rookkamers gedroogd en gerookt.<\/p><p><strong>Italiaanse steenoven pizza<\/strong><\/p><p>Ontdek onze <span style=\"text-decoration: underline;\"><a href=\"https:\/\/tgourmetje.be\/italiaanse-pizza\/\">nieuwe soorten pizza<\/a><\/span>.<\/p><p>[\/et_pb_text][\/et_pb_column][\/et_pb_row][\/et_pb_section]<\/p>","_et_gb_content_width":"","_genesis_hide_title":false,"_genesis_hide_breadcrumbs":false,"_genesis_hide_singular_image":false,"_genesis_hide_footer_widgets":false,"_genesis_custom_body_class":"","_genesis_custom_post_class":"","_genesis_layout":"","footnotes":""},"class_list":{"0":"post-978","1":"page","2":"type-page","3":"status-publish","4":"has-post-thumbnail","6":"entry"},"_links":{"self":[{"href":"https:\/\/tgourmetje.be\/fr\/wp-json\/wp\/v2\/pages\/978","targetHints":{"allow":["GET"]}}],"collection":[{"href":"https:\/\/tgourmetje.be\/fr\/wp-json\/wp\/v2\/pages"}],"about":[{"href":"https:\/\/tgourmetje.be\/fr\/wp-json\/wp\/v2\/types\/page"}],"author":[{"embeddable":true,"href":"https:\/\/tgourmetje.be\/fr\/wp-json\/wp\/v2\/users\/1"}],"replies":[{"embeddable":true,"href":"https:\/\/tgourmetje.be\/fr\/wp-json\/wp\/v2\/comments?post=978"}],"version-history":[{"count":0,"href":"https:\/\/tgourmetje.be\/fr\/wp-json\/wp\/v2\/pages\/978\/revisions"}],"wp:featuredmedia":[{"embeddable":true,"href":"https:\/\/tgourmetje.be\/fr\/wp-json\/wp\/v2\/media\/887"}],"wp:attachment":[{"href":"https:\/\/tgourmetje.be\/fr\/wp-json\/wp\/v2\/media?parent=978"}],"curies":[{"name":"wp","href":"https:\/\/api.w.org\/{rel}","templated":true}]}}

<p>[et_pb_section admin_label= »section » transparent_background= »on » allow_player_pause= »off » inner_shadow= »off » parallax= »off » parallax_method= »off » padding_mobile= »off » module_class= »frame » make_fullwidth= »off » use_custom_width= »off » width_unit= »on » make_equal= »off » use_custom_gutter= »off »][et_pb_row admin_label= »row »][et_pb_column type= »4_4&Prime;][et_pb_text admin_label= »Titel &#8211; Nouveau dans notre assortiment » background_layout= »light » text_orientation= »center » use_border_color= »off » border_color= »#ffffff » border_style= »solid »]</p>
<h1>Nouveau dans notre assortiment</h1>
<p>[/et_pb_text][/et_pb_column][/et_pb_row][et_pb_row admin_label= »Rij »][et_pb_column type= »1_2&Prime;][et_pb_text admin_label= »Tekst &#8211; links » background_layout= »light » text_orientation= »left » use_border_color= »off » border_color= »#ffffff » border_style= »solid »]</p>
<p><strong>Viande maturé</strong></p>
<p>Découvrez <a href="https://tgourmetje.be/dry-aged-beef/"><span style="text-decoration: underline;">nos variétés</span>.</a></p>
<p><strong>Contre-filet seché et fumé</strong></p>
<p>Viande de boeuf de 4 semaines de maturation, mariné dans un mélange de épices, seché et fumé aux herbes aromatiques.</p>
<p>[/et_pb_text][/et_pb_column][et_pb_column type= »1_2&Prime;][et_pb_text admin_label= »Tekst &#8211; rechts » background_layout= »light » text_orientation= »left » use_border_color= »off » border_color= »#ffffff » border_style= »solid »]</p>
<p><strong>De lard « procureur »</strong></p>
<p>Une spécialité ancienne de porc. Maturé pendant 14 jours avec épices, ensuite seché et fumé aux herbes aromatiques</p>
<p><strong>Pizza Italienne</strong></p>
<p>Nouvelles sortes!!!Découvrez-les sur la page<span style="text-decoration: underline;"><a href="https://tgourmetje.be/italiaanse-pizza/"> pizza</a></span>.</p>
<p>[/et_pb_text][/et_pb_column][/et_pb_row][/et_pb_section]</p>

<p>Nouveau dans notre assortiment Viande maturé&#8230;</p>
